late n(8).
14
Let n(w) = -3*w**2 + 2*w + 2. What is n(-3)?
-31
Let u(t) = -t**3 - t**2 - 4*t. What is u(0)?
0
Let x(h) = 2*h**2 + 30*h + 15. Determine x(-15).
15
Let v(h) = -5*h**3 + 35*h**2 + 5. Give v(7).
5
Let g(x) = x**3 + 6*x**2 - 9*x + 7. What is g(-8)?
-49
Let c(f) = 3*f**2 - 75*f + 67. What is c(24)?
-5
Let i(a) = -a**3 - 6*a**2 + 6*a - 4. Give i(-7).
3
Let h(g) = -g**3 - 3*g**2 - g - 3. Calculate h(-3).
0
Let t(x) = x**3 - 8*x**2 - 5*x + 2. Calculate t(9).
38
Let p(k) = -8*k**2 - 1. Give p(2).
-33
Let q(i) = 2*i**3 - 8*i**2 + 2*i - 1. Calculate q(4).
7
Let l(k) = k**3 + 3*k**2 - 13*k - 41. What is l(-3)?
-2
Let l(u) = -4*u + 21. Calculate l(9).
-15
Let q(o) = 9*o**2 - 8*o - 2. What is q(-1)?
15
Let c(x) = -5*x**2 - x + 16. What is c(2)?
-6
Let f(u) = -2*u + 4. Calculate f(6).
-8
Let j(x) = 17*x + 31. Calculate j(-2).
-3
Let l(v) = v**2 + 19*v - 7. Determine l(4).
85
Let q(z) = -z**3 - 4*z**2 - z + 5. What is q(0)?
5
Let d(z) = -z**3 + 17*z**2 - 18*z + 1. Calculate d(16).
-31
Let y(v) = v**3 - 1. Calculate y(1).
0
Let q(v) = v - 3. What is q(-3)?
-6
Let j(t) = t**3 - 13*t**2 + 15*t - 27. Calculate j(12).
9
Let u(p) = -9*p - 71. What is u(-8)?
1
Let s(u) = 3*u + 4. Give s(0).
4
Let h(z) = 5*z + 3. Determine h(-3).
-12
Let h(a) = -8*a + 3. Calculate h(-1).
11
Let c(w) = -w - 9. Determine c(7).
-16
Let w(j) = -j**2 + 16*j + 19. Give w(17).
2
Let g(q) = -q**3 + q**2 - 2*q - 2. Determine g(-1).
2
Let b(w) = 20*w + 1. Give b(-1).
-19
Let j(w) = -3*w - 83. Determine j(-25).
-8
Let p(o) = -2*o**2 - 16*o - 22. Determine p(-6).
2
Let u(c) = -c**3 + 11*c**2 + 27*c + 4. Calculate u(13).
17
Let l(a) = a + 2. Give l(9).
11
Let b(s) = -2*s + 1. Give b(-10).
21
Let l(s) = 2*s**2 - 10*s + 7. Determine l(7).
35
Let q(t) = 2*t + 13. Calculate q(-12).
-11
Let b(i) = i**2 - 2*i - 9. Give b(7).
26
Let q(u) = u**2 + 34*u + 78. Give q(-31).
-15
Let p(j) = j**2 + 69*j + 353. Determine p(-6).
-25
Let r(d) = -13*d - 131. Give r(-10).
-1
Let b(d) = d**3 - 14*d**2 + 31*d + 5. Give b(11).
-17
Let z(k) = -6*k + 115. What is z(36)?
-101
Let n(g) = -g**2 - 7*g - 2. Give n(-7).
-2
Let b(q) = -4*q**3 - q - 2. What is b(2)?
-36
Let t(y) = 2*y**2 - 2*y - 18. Calculate t(-3).
6
Let m(t) = -t - 2. Determine m(-5).
3
Let t(g) = -g**3 + 10*g**2 - 7*g - 8. Determine t(8).
64
Let c(k) = -k**3 + 6*k**2 + 9*k - 6. Determine c(7).
8
Let p(z) = -z**3 - 9*z**2 + 12*z + 18. What is p(-10)?
-2
Let p(k) = 2*k + 47. What is p(-16)?
15
Let w(z) = z**2 - 2*z - 30. Determine w(-7).
33
Let u(t) = -t**3 + 28*t**2 + 163*t - 2. Determine u(-5).
8
Let m(d) = d**3 + 5*d**2 - 31*d - 17. Calculate m(-8).
39
Let y(i) = 5*i**3 + 13*i**2 - 7*i - 5. Determine y(-3).
-2
Let u(n) = -n**2. Calculate u(2).
-4
Let n(r) = -r**2 + 4*r + 4. Determine n(5).
-1
Let a(j) = 2*j + 56. What is a(-26)?
4
Let p(n) = n**2 - 21*n + 52. Calculate p(21).
52
Let h(f) = f**2 - 22*f + 29. Calculate h(21).
8
Let p(b) = -b**3 - 6*b**2 - 10*b + 3. Calculate p(-5).
28
Let k(y) = 3*y**2 - 20*y + 7. Determine k(6).
-5
Let f(l) = -l**3 + 8*l**2 + 11*l + 1. Calculate f(9).
19
Let h(f) = -f**2 - 4*f + 19. Give h(-11).
-58
Let q(j) = -j**3 + 3*j**2 + 3*j + 19. Calculate q(5).
-16
Let z(r) = 11*r + 37. What is z(-4)?
-7
Let b(t) = 2*t**2 + 4*t - 4. Give b(-5).
26
Let a(p) = 3*p + 23. Give a(-5).
8
Let h(u) = -5*u + 17. Calculate h(6).
-13
Let l(r) = -r**2 - 92*r - 599. What is l(-7)?
-4
Let f(c) = c**3 - 2*c**2 - 8*c + 10. Calculate f(3).
-5
Let a(m) = m**3 - 7*m**2 - 6*m + 6. Calculate a(8).
22
Let m(o) = -8*o**2 + 32*o - 4. What is m(4)?
-4
Let c(s) = s + 35. Determine c(-21).
14
Let k(x) = -4*x - 3. Determine k(-2).
5
Let y(l) = l**2 + 57*l + 760. Calculate y(-35).
-10
Let n(a) = -a**2 + 13*a + 16. What is n(13)?
16
Let s(h) = -h**3 - 19*h**2 + 39*h - 56. Give s(-21).
7
Let g(k) = 11*k + 37. What is g(-7)?
-40
Let y(r) = 30*r**3 - r**2 - r + 1. Calculate y(-1).
-29
Let n(k) = 11*k**3 + 2*k**2 + 2*k + 1. Determine n(-1).
-10
Let b(p) = -2*p**3 - 10*p**2 - 5*p - 7. Give b(-5).
18
Let c(b) = b**2 + 10*b - 34. Give c(-12).
-10
Let t(p) = -3*p + 13. Calculate t(12).
-23
Let p(r) = -34*r. What is p(1)?
-34
Let w(k) = k**2 + 16*k + 5. Calculate w(-13).
-34
Let m(g) = -2*g**3 - 3*g**2 + 6*g - 8. Determine m(-4).
48
Let y(b) = -b - 6. Give y(-5).
-1
Let i(s) = -2*s**2 + 39*s + 9. Determine i(20).
-11
Let o(i) = 11*i - 65. What is o(7)?
12
Let l(s) = s**3 + 16*s**2 + 6*s + 11. Give l(-16).
-85
Let y(s) = 42*s**2. Determine y(1).
42
Let x(r) = -3*r**2 + 3*r + 2. Give x(3).
-16
Let a(i) = -i**3 + 7*i**2 + 6*i + 6. Calculate a(8).
-10
Let d(v) = -v**2 + 8*v. Determine d(8).
0
Let d(g) = -g**2 - g - 2. Calculate d(-4).
-14
Let x(u) = 15*u - 13. What is x(-4)?
-73
Let d(r) = -r**2 - 2*r + 1. Give d(-3).
-2
Let k(j) = -j**3 + 21*j**2 - 6*j + 121. Calculate k(21).
-5
Let x(b) = -2*b**3 + 1. Give x(-2).
17
Let z(o) = -o**2 + 12*o + 3. Determine z(15).
-42
Let n(o) = o**2 - 2*o - 11. What is n(5)?
4
Let u(r) = -27*r**3 + 1. Calculate u(1).
-26
Let y(c) = -5*c - 16. Determine y(-11).
39
Let x(q) = -2*q - 2. Calculate x(0).
-2
Let t(m) = 4*m**2 - 12*m + 7. Give t(6).
79
Let v(b) = -61*b**2 + 425*b + 5. Calculate v(7).
-9
Let h(i) = 81*i - 330. Give h(4).
-6
Let g(b) = -12*b + 18. Determine g(4).
-30
Let m(q) = q**3 - 3*q**2 + 6*q - 36. Give m(4).
4
Let u(x) = 14*x - 27. What is u(4)?
29
Let g(n) = -2*n**2 - 72*n + 147. Determine g(-38).
-5
Let f(n) = 3*n - 59. Give f(22).
7
Let d(y) = y**3 - 8*y**2 - 18*y - 2. Calculate d(10).
18
Let r(n) = -2*n**2 - 6*n + 5. Give r(0).
5
Let z(i) = -i**3 + 8*i**2 - 7*i - 3. Give z(7).
-3
Let o(d) = -106*d - 532. What is o(-5)?
-2
Let b(r) = -r**2 - 4*r - 6. Give b(-4).
-6
Let k(o) = 11*o + 61. Give k(-7).
-16
Let o(c) = 26*c + 1. Determine o(3).
79
Let z(d) = -26*d + 101. Give z(4).
-3
Let w(t) = -5*t - 3. Give w(3).
-18
Let q(r) = r**2 - 7*r + 12. Calculate q(4).
0
Let v(g) = -g**2 + 6*g + 9. Determine v(0).
9
Let m(d) = 2*d**3 - 7*d**2 - 32*d + 3. Determine m(-3).
-18
Let v(d) = d**3 + 4*d**2 - d - 2. Give v(-4).
2
Let t(i) = -29*i - 110. Give t(-4).
6
Let i(j) = -j**2 - 3*j + 63. What is i(0)?
63
Let x(d) = d**3 + 21*d**2 + 32*d - 37. Give x(-19).
77
Let o(x) = x**3 + 9*x**2 + 12*x - 14. What is o(-8)?
-46
Let t(y) = y**2 + 8*y - 2. What is t(-4)?
-18
Let q(k) = k**2 + 9*k + 5. Give q(-4).
-15
Let y(l) = 2*l - 1. Determine y(-3).
-7
Let l(z) = -4*z + 15. Calculate l(10).
-25
Let w(z) = z**2 + 27*z + 46. What is w(-17)?
-124
Let l(t) = -2*t + 22. What is l(9)?
4
Let n(q) = -q**2 + 36*q + 5. What is n(36)?
5
Let z(y) = -y**2 - y + 10. Give z(-7).
-32
Let c(j) = -17*j + 604. Give c(36).
-8
Let r(d) = d**3 - 7*d**2 - 10*d. Calculate r(8).
-16
Let i(p) = -21*p**3 - 1. Determine i(1).
-22
Let u(x) = -2*x**3 - 92*x**2 + 95*x + 29. Give u(-47).
-18
Let i(u) = u**3 + 18*u**2 + 16*u - 17. Calculate i(-17).
0
Let g(q) = q - 64. What is g(25)?
-39
Let b(h) = -h**2 - 2*h - 1. Give b(5).
-36
Let o(q) = -2*q**2 + 49*q + 78. Give o(26).
0
Let x(h) = -h**2 - 13*h + 11. Give x(-13).
11
Let q(z) = -z**3 + 3*z + 6. Determine q(4).
-46
Let d(s) = -s**3 + 7*s**2 + 10*s + 2. Give d(8).
18
Let u(z) = -3*z**2 - 89*z - 285. Determine u(-26).
1
Let m(h) = 10*h + 10. What is m(3)?
40
Let x(d) = -4*d + 19. Give x(4).
3
Let c(u) = 4*u + 27. Determine c(-6).
3
Let s(v) = -2*v**2 + 2*v - 1. Determine s(2).
-5
Let b(i) = i**3 - 4*i**2 - 4*i + 17. What is b(5)?
22
Let o(u) = 3*u**2 + 7*u + 9. Calculate o(-3).
15
Let k(d) = -d**3 - 6*d**2 + 6*d - 4. Give k(-7).
3
Let w(a) = 16*a**3 - 1. Give w(1).
15
Let c(k) = k**3 - 6*k**2 + 3*k - 3. Give c(4).
-23
Let g(w) = -w**3 + 17*w**2 + w - 24. Calculate g(17).
-7
Let f(z) = -12*z - 55. What is f(-5)?
5
Let h(a) = a**3 + 12*a**2 + 27*a - 3. What is h(-9)?
-3
Let j(f) = 8*f - 15. What is j(2)?
1
Let i(p) = 59*p + 178. What is i(-3)?
1
Let x(d) = d**3 + 9*d**2 - 7*d + 30. Give x(-10).
0
Let b(w) = 2*w + 4. Calculate b(-10).
-16
Let h(y) = -y**3 + 8*y**2 - 12*y + 7. Give h(5).
22
Let w(u) = u**3 + u**2 - 5*u - 8. Give w(-3).
-11
Let y(m) = -2*m**2 + 3*m + 12. Determine y(-2).
-2
Let y(g) = -g**2 - 42*g + 27. What is y(-43)?
-16
Let o(l) = l**2 + 23*l + 1. Calculate o(-23).
1
Let m(g) = g**2 - 17*g + 15. Determine m(15).
-15
Let s(u) = -u**2 - 10*u - 8. What is s(-8)?
8
Let z(j) = 3*j - 36. Determine z(10)